(56 - 30 - -18) + -49?
-5
Evaluate -6 - (34 - 11) - (-5 + (3 - 2)).
-25
Evaluate (8 + 1 - (-101 + 50 + 13)) + -19.
28
What is 63 - 24 - (18 - -8 - -12)?
1
10 + -26 + (11 + 0 - (6 + -3)) - 25
-33
Calculate -38 + 47 + -22 + (0 - 6).
-19
Evaluate -3 - -14 - 4 - 3 - (19 + -36 + 9).
12
Evaluate 105 + -1 - (0 - 9 - (-160 + 147)).
100
Calculate -18 + (5 - -2) + (57 - 48) - 3.
-5
What is the value of 6 - -21 - (15 + (-70 - -34))?
48
8 + -42 + -2 + -1 + 1 + 10 - 3
-29
What is 1890 - 1910 - (3 - 5 - (-56 - 2))?
-76
Evaluate 25 - 1 - (3 - (-20 + (-9 - -13))).
5
20 + -90 + (3 + -14 - 18)
-99
What is -7 + 4 + (58 + -1 - (-5 + 15)) + 0?
44
(8 - (21 + -46)) + (1 - 7) + -1
26
What is 14 - 5 - (348 - 398)?
59
Calculate 187 - 206 - (-69 + -18).
68
Evaluate 1 + 10 + (10 - 0 - (-2 + 0)).
23
Calculate 8 - ((18 - 4) + -72 + (19 - 3)).
50
What is (-3 - (6 + -31) - 22) + (1 - -3)?
4
What is -114 + 98 + -13 + 0 + 3?
-26
12 + -16 + (-81 - -50)
-35
Evaluate 45 + 20 + -44 + 3.
24
Evaluate (12 + (26 - (10 - -9)) - 7) + 1 + -46.
-33
What is the value of -20 + -1 - (-2814 + 2801)?
-8
Evaluate 11 + 0 + -20 - -18 - (-1 + 77).
-67
Calculate -50 - (-57 + -11 + -12).
30
What is the value of -14 + -5 - ((15 - (13 - (17 + -9))) + -10)?
-19
72 + 33 + -3 + -64 - (-2 + (-12 - -3))
49
What is the value of 17 + (2 - -12) + -42 + -5?
-16
6 + -117 + -47 + 104
-54
Evaluate (-146 - -135) + (0 - (-1 - 6)) + -7 - -12.
1
What is -21 + (12 - 14) - (-224 + 178)?
23
Evaluate 10 + (-10 + -4 - (-22 - -8)) + -33.
-23
Evaluate (8 - 0) + 2 + (-116 - (-80 - 37)).
11
What is the value of (-364 + 239 - -170) + -36 + 0?
9
What is -15 - (93 - (-8 - -93))?
-23
What is 55 - (-159 + 84 + 86)?
44
Calculate 79 - (16 + 45 + -24).
42
Calculate -3 + 5 - 35 - (6710 + -6842).
99
What is 56 - (-16 + 135 - 120)?
57
What is the value of (-19 + 20 - -33 - -18) + 3 + 10?
65
What is (5 - (-74 + 8)) + (16 - 12) + -3?
72
-103 + 77 - (6 - (7 + 8))
-17
7 + 2 + -4 + 1 - (185 + -57 + -70)
-52
8 + (-12 + 12 - 9) - (11 + 8 + -4)
-16
-54 - (-55 + (108 - 45))
-62
68 + 78 + -152 - (-4 + 4 + -126)
120
What is -39 + -1 - (203 + -242)?
-1
Calculate (3341 - 3294) + -2 + -45.
0
Evaluate (15 + 3 - 21) + -46.
-49
What is (0 + -1 + -3 - 0) + 13 + (-152 - -148)?
5
What is the value of -22 + -24 + (-5 - -10) + 14?
-27
Evaluate (-8 - (-31 + 23)) + 0 + 35.
35
Evaluate 36 + 18 + -40 - (119 - 7 - 7).
-91
-24 + 70 - (15 - (2 + 1) - 1 - -2)
33
Evaluate (14 - -5 - (2 + 6)) + (21 - 19) - 153.
-140
0 + -4 + (9 - 12) + -26 + 107
74
-5 - (-6 + (7 - 5)) - (-4 - -50 - 4)
-43
What is (10 + 8 - 32) + -32 - 16?
-62
Evaluate -1 + 2 + (13 - -30) + 9 + 0.
53
What is 122 + (-65 - 66) + (0 - (-19 + 1))?
9
What is the value of 2 + 2 + -1 + 1 + (-141 - (-182 - -72))?
-27
Evaluate -9 - (-5 + -27) - (-1 + 17 - 17).
24
Evaluate 13 + -1 + -9 + -1 + (-450 - -451) - 1.
2
-22 - ((-15 + 2 - -22) + -38)
7
What is the value of -1256 + 1306 - ((0 - -1) + (4 - 11))?
56
Calculate 76 - (15 + (70 - 62)).
53
What is the value of (3 - 15) + 0 + -21 + (8 - 7)?
-32
249 + -270 - (-3 - -16 - -6)
-40
-42 + 0 + -49 + -257 + 476
128
What is 1 - (15 - 5 - -5) - (288 - 310)?
8
0 + -10 + (-1 + 49 - (96 - 101)) - 4
39
What is the value of -1 + -13 - (-17 - (-162 + 115))?
-44
What is 1 + -2 - -10 - (-19 - (117 + -57 - -6))?
94
What is the value of 6 - ((-26 - 1) + -808 + 791)?
50
Calculate (48 - -3) + (15 - (-8 + 12)) + -13.
49
What is the value of 826 + -817 - (2 - (2 + -2))?
7
-333 + 332 - (4 - -49)
-54
Calculate 52 + 146 + -157 + (2 - -11) + -10 + -1.
43
What is 32 - ((6 - 5) + -2 - -3) - (203 - 196)?
23
What is the value of (19 - 51) + 47 + 22?
37
Calculate (-5 - (-20 + 23 + 12)) + -21.
-41
What is the value of (19 - 1) + -94 + -22 + 108?
10
What is 3 - 21 - (9 + 8 + (-26 - -4))?
-13
Evaluate -8 + (15 + -4 + -24 + 23 - 7 - 7).
-12
What is (3 - 25) + -13 + 23 + 6?
-6
Calculate 10 + (21 - 34 - 9) + -32.
-44
Calculate 6 + (6 - 25 - (-2 + -2)) + -215 + 221.
-3
Evaluate 8 + 31 + -15 - (3 - -12).
9
Calculate -30 - -28 - (195 - 152).
-45
What is 0 + -21 + (-11586 - -11675)?
68
(-15 - -6) + (41 - 48) + 26 + -2 + -2
6
Evaluate 2 - (81 - (-40 + 98)).
-21
What is -190 + 225 - (21 + 46)?
-32
Evaluate -19 + (63 - (-12 + 23)).
33
-148 - -117 - 3 - -44
10
Calculate -16 + 0 + (263 - 272).
-25
What is the value of (26 - -17) + 5 + 12 + -22?
38
-1 + 0 + (72 - 72 - (-10 + 16 - -40))
-47
What is -6 - ((-8 - -24 - -34 - -17) + -1 + -1)?
-71
Calculate -37 - ((1 - 1) + -42 + 19 + 31).
-45
-7 + (0 - -2 - 9 - 0) - 3
-17
Evaluate -88 - (-86 - (-73 + 88)).
13
What is (-18 - -29) + 38 + -23 + -3?
23
What is the value of 3 + (-80 - -56 - ((-5 - -5) + 11))?
-32
(-69 - (-62 - -34 - 12)) + -80
-109
What is the value of 20 + -1 + (-457 - -445) + (3 - 4) + 17?
23
What is 5 - (-15 + 25) - (-5 + 5 + -47)?
42
-41 + -22 + 21 - -3
-39
Evaluate (-1 - (1 + 2)) + -148 + 145 - (-5 - 0).
-2
What is -3 + 31 + -6 - (3 - -49)?
-30
12 + -4 + (6 - 15) + 6 - 26
-21
What is 9 + -6 - ((-39 - -22) + (55 - 7))?
-28
Evaluate -1 + 22 - (82 - 129 - (-39 - -11)).
40
What is -5 + 4 - -17 - ((100 - 40) + 37)?
-81
-9 - (-29 + 11) - ((3 - -6 - 1) + -27)
28
Calculate -251 + 254 - (-8 + (0 - 28) + (0 - -1)).
38
(-1331 - -1362 - (0 + 132)) + 38
-63
Calculate -48 + (91 - 85) + 54.
12
Calculate 11 + 6 + 67 - (77 - 57).
64
What is the value of 11 + 22 + -39 + 2 + (-28 - -3)?
-29
What is the value of -21 + 0 + -2 - (11 + -26 + 17)?
-25
2 + 0 - (-78 + 18 + 9 + -18)
71
(12 - 6 - (8 + (7 + -17 - -6))) + -25
-23
What is -1 + 14 + -21 + 21 - (5 - 0)?
8
-15 + (3 - (19 + -15 + 0))
-16
What is -26 + (22 - (19 + -12)) + 38?
27
17 + (-3 - 12) - (-5 - (2 + -5) - -26)
-22
What is the value of (6 - (47 + -17) - -19) + (-1 - 40)?
-46
-19 + -23 + (216 - 217)
-43
What is 2 + 0 + -17 - ((9 - 2) + -2)?
-20
Calculate 0 - 68 - (77 + (-59 - -14)).
-100
What is 4 + 3 + (-7 + 9 - 14) - -15?
10
1 - 3 - 16 - (2566 + -2619)
35
What is the value of 14 - (-2 - -14) - (-11 + (13 - 2) + 16)?
-14
Evaluate (11 + -85 + 21 - -20) + 36.
3
Calculate -12 + (193 - 189 - ((-3 - -3) + -4)) - -109.
105
(-8804 - -8798) + (2 - (-1 - -1))
-4
Calculate -82 + -52 + 86 - (-7 - 137).
96
What is the value of 84 + -357 + 296 + (32 - -3)?
58
Calculate 142 - (334 - 332 - (2 - 1 - (2 + 8))).
131
Calculate 2 + 54 - (-1 - (14 + (2 - (31 - 9)))).
51
What is 47 - 27 - 31 - (0 - 2)?
-9
What is 0 + -4 - -6 - (-2 + 33 - (-68 + 50))?
-47
Calculate 0 + -18 - (395 - 417) - 24.
-20
974 + -908 - (165 - -2)
-101
What is 4 + -33 + (-444 - -458)?
-15
Calculate 0 - -8 - (6 + -111 + (10 - (9 + 2))).
114
(-30 - -101) + (-3 - (-9 + 11)) + 3
69
17 + (11 - ((-13 - -9) + -43)) + 18
93
Evaluate -5 + 2 + -6 + (-77 - -78) + -35.
-43
Calculate 106 + -136 + 36 + -1 + -27.
-22
Calculate 13 + (18 - 40) + -20 + 20.
-9
What is the value of 2 - -41 - ((-6 - -5) + 4 - 3 - 11)?
54
90 - (-98 - -170) - (45 - -1)
-28
-43 - (6 - -12 - (-41 - -33))
-69
What is 6 - 7 - (0 + -40 + -167 + 166 - 1)?
41
1 + -7 - (24 + 38 + -90)
22
Calculate -75 + 57 - (5 + -9 - -21).
-35
Evaluate 27 + (20 + -2 - 17).
28
What is the value of (-50 - (-29 - -14)) + 48 - 3?
10
(-2 - (55 - 29)) + (-2 - -1)
-29
What is 75 + -4 + (-5 - 10) + 4 + (-2 - -14)?
72
Evaluate 2 - 25 - (-64 + 9 + 19).
13
Calculate -5224 + 5210 - (2 + -3 + 3 - -24).
-40
Evaluate 60 - (147 - -50) - (-19 + -9).
-109
What is -15 + 46 - (-29 - (-20 - -38))?
78
Evaluate 549 - 548 - (-2 - 37).
40
Evaluate -76 + 0 - ((-51 - -32) + (0 - -12)).
-69
What is 22 + 27 + -37 - (85 - -10)?
-83
-84 + (-71 - -156) - (3 + -1 + (-77 - 1))
77
What is the value of 68 + 3 + -25 + -2?
44
What is (17 - -8) + (-39 - -14) + 56?
56
Calculate -47 - -109 - 27 - -61.
96
(-40 - (-4 - (-9 - -9 - 16))) + 8
-44
7 - (-13 - (-24 - -16 - 30))
-18
What is -1 + -48 - ((-62 + 64 - (29 - 7)) + 17)?
-46
Evaluate -19 + -1114 + 1141 + (0 - 13).
-5
Calculate -5 - (-95 + 55 - -37).
-2
What is -31 + 0 - (-1008 + 960) - (0 - -134)?
-117
Evaluate (8 - 35) + 246 - 115.
104
16 + (16 - 26) + -17 - -7 - 12
-16
What is the value of (8 - -6) + -57 + 89 + -3?
43
Evaluate 7 - (16 - (131 - 198)).
-76
59 + (-10 - (4 + -4 - 1)) + (59 - 56)
53
What is 52 + (-1 + 33 - 59)?
25
What is (62 - 43) + -14 - (2 + -40)?
43
43 - (-322 + 308 + (3 - (2 - -2)))
58
What is -3 + -11 + 13 - (7 - 2) - (6 + -68)?
56
Calculate (43 - (-2 + (3 - 2))) + (7998 - 7983).
59
What 